{"id":20,"date":"2016-11-07T14:38:20","date_gmt":"2016-11-07T14:38:20","guid":{"rendered":"http:\/\/moralogia.org.br\/site\/?page_id=20"},"modified":"2018-03-26T11:15:26","modified_gmt":"2018-03-26T11:15:26","slug":"moralogia-no-brasil","status":"publish","type":"page","link":"https:\/\/www.moralogia.org.br\/site\/moralogia-no-brasil\/","title":{"rendered":"Moralogia no Brasil"},"content":{"rendered":"<p>[vc_row css_animation=&#8221;&#8221; row_type=&#8221;row&#8221; use_row_as_full_screen_section=&#8221;no&#8221; type=&#8221;full_width&#8221; angled_section=&#8221;no&#8221; text_align=&#8221;left&#8221; background_image_as_pattern=&#8221;without_pattern&#8221;][vc_column][vc_column_text]No Brasil, a divulga\u00e7\u00e3o da Moralogia teve in\u00edcio com a chegada da primeira comitiva do Jap\u00e3o, que permaneceu no Brasil de 15 de mar\u00e7o a 6 de junho de 1964. Em 1972, foi fundada a Sociedade de Moralogia do Brasil. A partir de janeiro de 1982, passou a denominar-se Instituto de Moralogia do Brasil.<\/p>\n<p>\u00c9 uma sociedade civil sem fins lucrativos, apol\u00edtica, com o objetivo de promover o aprimoramento cultural, social, educacional e moral do homem, visando \u00e0 sua melhor integra\u00e7\u00e3o na sociedade e de formar cidad\u00e3os que contribuam para a realiza\u00e7\u00e3o do bem-estar, da harmonia, da paz e da felicidade do povo, sem fazer distin\u00e7\u00e3o de ra\u00e7a, nacionalidade, cor ou religi\u00e3o (artigos 1\u00ba e 2\u00ba do estatuto social).<\/p>\n<p>No Brasil, o Instituto possui cerca de 200 membros associados, distribu\u00eddos em S\u00e3o Paulo, Paran\u00e1 e Bras\u00edlia. Os associados re\u00fanem-se em torno de Coordenadores das Seccionais. Em S\u00e3o Paulo, as seccionais s\u00e3o: Lapa, Centro, M\u00f3oca, Santo Amaro, S\u00e3o Bernardo do Campo, Itaquera, Jacare\u00ed e Mogi das Cruzes. As Seccionais fora de S\u00e3o Paulo s\u00e3o: Atibaia, Pilar do Sul, Londrina, Bras\u00edlia, Curitiba e Castro.<\/p>\n<p>Analogamente ao Jap\u00e3o, aqui tamb\u00e9m se promovem cursos e semin\u00e1rios no Centro Educacional constru\u00eddo em Itapeti, Mogi das Cruzes (SP). Por iniciativa de seus membros, e como parte de trabalhos volunt\u00e1rios promovem-se tamb\u00e9m reuni\u00f5es familiares, semin\u00e1rios e ciclos de palestras, visando ao aprimoramento das pessoas e promover a melhoria das comunidades locais.[\/vc_column_text][\/vc_column][\/vc_row][vc_row css_animation=&#8221;&#8221; row_type=&#8221;row&#8221; use_row_as_full_screen_section=&#8221;no&#8221; type=&#8221;full_width&#8221; angled_section=&#8221;no&#8221; text_align=&#8221;left&#8221; background_image_as_pattern=&#8221;without_pattern&#8221;][vc_column][vc_empty_space height=&#8221;25px&#8221;][vc_column_text]<\/p>\n<h2>Galeria de Fotos<\/h2>\n<p>[\/vc_column_text][vc_empty_space height=&#8221;25px&#8221;][vc_gallery interval=&#8221;0&#8243; images=&#8221;364,365,366,367,368,369,370,371,372,373,374,375,376,377,378,379,380,381,382,383,384,385&#8243; img_size=&#8221;full&#8221; onclick=&#8221;&#8221; direction_nav=&#8221;yes&#8221; control_nav=&#8221;yes&#8221; show_image_description=&#8221;yes&#8221;][\/vc_column][\/vc_row][vc_row css_animation=&#8221;&#8221; row_type=&#8221;row&#8221; use_row_as_full_screen_section=&#8221;no&#8221; type=&#8221;full_width&#8221; angled_section=&#8221;no&#8221; text_align=&#8221;left&#8221; background_image_as_pattern=&#8221;without_pattern&#8221;][vc_column][vc_column_text]<\/p>\n<h2>RESUMO<\/h2>\n<p>Os principais passos da Moralogia no Brasil est\u00e3o resumidos no quadro a seguir<\/p>\n<p>\n<table id=\"tablepress-brasil\" class=\"tablepress tablepress-id-brasil\">\n<thead>\n<tr class=\"row-1 odd\">\n\t<th class=\"column-1\">Data<\/th><th class=\"column-2\">Eventos<\/th>\n<\/tr>\n<\/thead>\n<tbody class=\"row-hover\">\n<tr class=\"row-2 even\">\n\t<td class=\"column-1\">15\/03\/1964<\/td><td class=\"column-2\">Primeira Comitiva do Jap\u00e3o chega ao Brasil<br \/>\n<\/td>\n<\/tr>\n<tr class=\"row-3 odd\">\n\t<td class=\"column-1\">19\/09\/1972<\/td><td class=\"column-2\">Assembl\u00e9ia de funda\u00e7\u00e3o do Instituto, no Brasil<br \/>\n<\/td>\n<\/tr>\n<tr class=\"row-4 even\">\n\t<td class=\"column-1\">25\/02\/1973<\/td><td class=\"column-2\">Inaugura\u00e7\u00e3o da sede social em S\u00e3o Paulo<br \/>\n<\/td>\n<\/tr>\n<tr class=\"row-5 odd\">\n\t<td class=\"column-1\">11\/1976<\/td><td class=\"column-2\">Aquisi\u00e7\u00e3o do terreno de 18 alqueires em Mogi das Cruzes<br \/>\n<\/td>\n<\/tr>\n<tr class=\"row-6 even\">\n\t<td class=\"column-1\">06\/1977<\/td><td class=\"column-2\">In\u00edcio de terraplenagem do campo de esportes<br \/>\n<\/td>\n<\/tr>\n<tr class=\"row-7 odd\">\n\t<td class=\"column-1\">09\/1977<\/td><td class=\"column-2\">Obras do refeit\u00f3rio <br \/>\n<\/td>\n<\/tr>\n<tr class=\"row-8 even\">\n\t<td class=\"column-1\">25\/02\/1978<\/td><td class=\"column-2\">Inaugura\u00e7\u00e3o do refeit\u00f3rio<br \/>\n<\/td>\n<\/tr>\n<tr class=\"row-9 odd\">\n\t<td class=\"column-1\">28\/07\/1979<\/td><td class=\"column-2\">Inaugura\u00e7\u00e3o do alojamento masculino<br \/>\n<\/td>\n<\/tr>\n<tr class=\"row-10 even\">\n\t<td class=\"column-1\">26\/04\/1980<\/td><td class=\"column-2\">Primeiro curso do Centro Educacional de Itapeti com 38 participantes<br \/>\n<\/td>\n<\/tr>\n<tr class=\"row-11 odd\">\n\t<td class=\"column-1\">14\/06\/1980<\/td><td class=\"column-2\">In\u00edcio das obras do alojamento feminino<br \/>\n<\/td>\n<\/tr>\n<tr class=\"row-12 even\">\n\t<td class=\"column-1\">23\/05\/1981<br \/>\n<\/td><td class=\"column-2\">Inaugura\u00e7\u00e3o do alojamento feminino<br \/>\n<\/td>\n<\/tr>\n<tr class=\"row-13 odd\">\n\t<td class=\"column-1\">25\/09\/1983<\/td><td class=\"column-2\">20\u00b0 anivers\u00e1rio da Moralogia no Brasil e inaugura\u00e7\u00e3o do audit\u00f3rio principal<br \/>\n<\/td>\n<\/tr>\n<tr class=\"row-14 even\">\n\t<td class=\"column-1\">09\/02\/1985<\/td><td class=\"column-2\">1\u00b0 curso inteiramente em portugu\u00eas<br \/>\n<\/td>\n<\/tr>\n<tr class=\"row-15 odd\">\n\t<td class=\"column-1\">02\/09\/1989<\/td><td class=\"column-2\">25\u00b0 anivers\u00e1rio. Inaugura\u00e7\u00e3o do campo de golfe<br \/>\n<\/td>\n<\/tr>\n<tr class=\"row-16 even\">\n\t<td class=\"column-1\">19\/01\/1991<\/td><td class=\"column-2\">In\u00edcio da tradu\u00e7\u00e3o simult\u00e2nea nos cursos<br \/>\n<\/td>\n<\/tr>\n<tr class=\"row-17 odd\">\n\t<td class=\"column-1\">04\/06\/1992<\/td><td class=\"column-2\">Sede social de Londrina, Paran\u00e1 <br \/>\n<\/td>\n<\/tr>\n<tr class=\"row-18 even\">\n\t<td class=\"column-1\">11\/09\/1994<\/td><td class=\"column-2\">30\u00b0 anivers\u00e1rio. Audit\u00f3rio anexo. <br \/>\n<\/td>\n<\/tr>\n<tr class=\"row-19 odd\">\n\t<td class=\"column-1\">05\/09\/1999<\/td><td class=\"column-2\">35\u00b0 anivers\u00e1rio. Est\u00e1tua de Chikuro Hiroike <br \/>\n<\/td>\n<\/tr>\n<tr class=\"row-20 even\">\n\t<td class=\"column-1\">05\/09\/2004<\/td><td class=\"column-2\">40\u00b0 anivers\u00e1rio. Livro texto japon\u00eas\/portugu\u00eas <br \/>\n<\/td>\n<\/tr>\n<tr class=\"row-21 odd\">\n\t<td class=\"column-1\">13\/09\/2009<\/td><td class=\"column-2\">45\u00b0 anivers\u00e1rio.<br \/>\n<\/td>\n<\/tr>\n<tr class=\"row-22 even\">\n\t<td class=\"column-1\">07\/2009<\/td><td class=\"column-2\">Reflorestamento em Itapeti<\/td>\n<\/tr>\n<\/tbody>\n<\/table>\n<!-- #tablepress-brasil from cache -->[\/vc_column_text][\/vc_column][\/vc_row]<\/p>\n","protected":false},"excerpt":{"rendered":"<p>[vc_row css_animation=&#8221;&#8221; row_type=&#8221;row&#8221; use_row_as_full_screen_section=&#8221;no&#8221; type=&#8221;full_width&#8221; angled_section=&#8221;no&#8221; text_align=&#8221;left&#8221; background_image_as_pattern=&#8221;without_pattern&#8221;][vc_column][vc_column_text]No Brasil, a divulga\u00e7\u00e3o da Moralogia teve in\u00edcio com a chegada da primeira comitiva do Jap\u00e3o, que permaneceu no Brasil de 15 de mar\u00e7o a 6 de junho de 1964. Em 1972, foi fundada a Sociedade de Moralogia&#8230;<\/p>\n","protected":false},"author":2,"featured_media":0,"parent":0,"menu_order":0,"comment_status":"closed","ping_status":"closed","template":"","meta":[],"yoast_head":"<!-- This site is optimized with the Yoast SEO plugin v19.10 - https:\/\/yoast.com\/wordpress\/plugins\/seo\/ -->\n<title>Moralogia no Brasil - Instituto de Moralogia do Brasil<\/title>\n<meta name=\"robots\" content=\"index, follow, max-snippet:-1, max-image-preview:large, max-video-preview:-1\" \/>\n<link rel=\"canonical\" href=\"https:\/\/www.moralogia.org.br\/site\/moralogia-no-brasil\/\" \/>\n<meta property=\"og:locale\" content=\"pt_BR\" \/>\n<meta property=\"og:type\" content=\"article\" \/>\n<meta property=\"og:title\" content=\"Moralogia no Brasil - Instituto de Moralogia do Brasil\" \/>\n<meta property=\"og:description\" content=\"[vc_row css_animation=&#8221;&#8221; row_type=&#8221;row&#8221; use_row_as_full_screen_section=&#8221;no&#8221; type=&#8221;full_width&#8221; angled_section=&#8221;no&#8221; text_align=&#8221;left&#8221; background_image_as_pattern=&#8221;without_pattern&#8221;][vc_column][vc_column_text]No Brasil, a divulga\u00e7\u00e3o da Moralogia teve in\u00edcio com a chegada da primeira comitiva do Jap\u00e3o, que permaneceu no Brasil de 15 de mar\u00e7o a 6 de junho de 1964. Em 1972, foi fundada a Sociedade de Moralogia...\" \/>\n<meta property=\"og:url\" content=\"https:\/\/www.moralogia.org.br\/site\/moralogia-no-brasil\/\" \/>\n<meta property=\"og:site_name\" content=\"Instituto de Moralogia do Brasil\" \/>\n<meta property=\"article:modified_time\" content=\"2018-03-26T11:15:26+00:00\" \/>\n<meta name=\"twitter:card\" content=\"summary_large_image\" \/>\n<meta name=\"twitter:label1\" content=\"Est. tempo de leitura\" \/>\n\t<meta name=\"twitter:data1\" content=\"2 minutos\" \/>\n<script type=\"application\/ld+json\" class=\"yoast-schema-graph\">{\"@context\":\"https:\/\/schema.org\",\"@graph\":[{\"@type\":\"WebPage\",\"@id\":\"https:\/\/www.moralogia.org.br\/site\/moralogia-no-brasil\/\",\"url\":\"https:\/\/www.moralogia.org.br\/site\/moralogia-no-brasil\/\",\"name\":\"Moralogia no Brasil - Instituto de Moralogia do Brasil\",\"isPartOf\":{\"@id\":\"https:\/\/www.moralogia.org.br\/site\/#website\"},\"datePublished\":\"2016-11-07T14:38:20+00:00\",\"dateModified\":\"2018-03-26T11:15:26+00:00\",\"breadcrumb\":{\"@id\":\"https:\/\/www.moralogia.org.br\/site\/moralogia-no-brasil\/#breadcrumb\"},\"inLanguage\":\"pt-BR\",\"potentialAction\":[{\"@type\":\"ReadAction\",\"target\":[\"https:\/\/www.moralogia.org.br\/site\/moralogia-no-brasil\/\"]}]},{\"@type\":\"BreadcrumbList\",\"@id\":\"https:\/\/www.moralogia.org.br\/site\/moralogia-no-brasil\/#breadcrumb\",\"itemListElement\":[{\"@type\":\"ListItem\",\"position\":1,\"name\":\"Home\",\"item\":\"https:\/\/www.moralogia.org.br\/site\/\"},{\"@type\":\"ListItem\",\"position\":2,\"name\":\"Moralogia no Brasil\"}]},{\"@type\":\"WebSite\",\"@id\":\"https:\/\/www.moralogia.org.br\/site\/#website\",\"url\":\"https:\/\/www.moralogia.org.br\/site\/\",\"name\":\"Instituto de Moralogia do Brasil\",\"description\":\"&quot;Pratique a nobreza divina e a nobreza humana naturalmente o acompanhar\u00e1&quot;\",\"potentialAction\":[{\"@type\":\"SearchAction\",\"target\":{\"@type\":\"EntryPoint\",\"urlTemplate\":\"https:\/\/www.moralogia.org.br\/site\/?s={search_term_string}\"},\"query-input\":\"required name=search_term_string\"}],\"inLanguage\":\"pt-BR\"}]}<\/script>\n<!-- \/ Yoast SEO plugin. -->","yoast_head_json":{"title":"Moralogia no Brasil - Instituto de Moralogia do Brasil","robots":{"index":"index","follow":"follow","max-snippet":"max-snippet:-1","max-image-preview":"max-image-preview:large","max-video-preview":"max-video-preview:-1"},"canonical":"https:\/\/www.moralogia.org.br\/site\/moralogia-no-brasil\/","og_locale":"pt_BR","og_type":"article","og_title":"Moralogia no Brasil - Instituto de Moralogia do Brasil","og_description":"[vc_row css_animation=&#8221;&#8221; row_type=&#8221;row&#8221; use_row_as_full_screen_section=&#8221;no&#8221; type=&#8221;full_width&#8221; angled_section=&#8221;no&#8221; text_align=&#8221;left&#8221; background_image_as_pattern=&#8221;without_pattern&#8221;][vc_column][vc_column_text]No Brasil, a divulga\u00e7\u00e3o da Moralogia teve in\u00edcio com a chegada da primeira comitiva do Jap\u00e3o, que permaneceu no Brasil de 15 de mar\u00e7o a 6 de junho de 1964. Em 1972, foi fundada a Sociedade de Moralogia...","og_url":"https:\/\/www.moralogia.org.br\/site\/moralogia-no-brasil\/","og_site_name":"Instituto de Moralogia do Brasil","article_modified_time":"2018-03-26T11:15:26+00:00","twitter_card":"summary_large_image","twitter_misc":{"Est. tempo de leitura":"2 minutos"},"schema":{"@context":"https:\/\/schema.org","@graph":[{"@type":"WebPage","@id":"https:\/\/www.moralogia.org.br\/site\/moralogia-no-brasil\/","url":"https:\/\/www.moralogia.org.br\/site\/moralogia-no-brasil\/","name":"Moralogia no Brasil - Instituto de Moralogia do Brasil","isPartOf":{"@id":"https:\/\/www.moralogia.org.br\/site\/#website"},"datePublished":"2016-11-07T14:38:20+00:00","dateModified":"2018-03-26T11:15:26+00:00","breadcrumb":{"@id":"https:\/\/www.moralogia.org.br\/site\/moralogia-no-brasil\/#breadcrumb"},"inLanguage":"pt-BR","potentialAction":[{"@type":"ReadAction","target":["https:\/\/www.moralogia.org.br\/site\/moralogia-no-brasil\/"]}]},{"@type":"BreadcrumbList","@id":"https:\/\/www.moralogia.org.br\/site\/moralogia-no-brasil\/#breadcrumb","itemListElement":[{"@type":"ListItem","position":1,"name":"Home","item":"https:\/\/www.moralogia.org.br\/site\/"},{"@type":"ListItem","position":2,"name":"Moralogia no Brasil"}]},{"@type":"WebSite","@id":"https:\/\/www.moralogia.org.br\/site\/#website","url":"https:\/\/www.moralogia.org.br\/site\/","name":"Instituto de Moralogia do Brasil","description":"&quot;Pratique a nobreza divina e a nobreza humana naturalmente o acompanhar\u00e1&quot;","potentialAction":[{"@type":"SearchAction","target":{"@type":"EntryPoint","urlTemplate":"https:\/\/www.moralogia.org.br\/site\/?s={search_term_string}"},"query-input":"required name=search_term_string"}],"inLanguage":"pt-BR"}]}},"_links":{"self":[{"href":"https:\/\/www.moralogia.org.br\/site\/wp-json\/wp\/v2\/pages\/20"}],"collection":[{"href":"https:\/\/www.moralogia.org.br\/site\/wp-json\/wp\/v2\/pages"}],"about":[{"href":"https:\/\/www.moralogia.org.br\/site\/wp-json\/wp\/v2\/types\/page"}],"author":[{"embeddable":true,"href":"https:\/\/www.moralogia.org.br\/site\/wp-json\/wp\/v2\/users\/2"}],"replies":[{"embeddable":true,"href":"https:\/\/www.moralogia.org.br\/site\/wp-json\/wp\/v2\/comments?post=20"}],"version-history":[{"count":27,"href":"https:\/\/www.moralogia.org.br\/site\/wp-json\/wp\/v2\/pages\/20\/revisions"}],"predecessor-version":[{"id":1085,"href":"https:\/\/www.moralogia.org.br\/site\/wp-json\/wp\/v2\/pages\/20\/revisions\/1085"}],"wp:attachment":[{"href":"https:\/\/www.moralogia.org.br\/site\/wp-json\/wp\/v2\/media?parent=20"}],"curies":[{"name":"wp","href":"https:\/\/api.w.org\/{rel}","templated":true}]}}